t l be (-4575)/6*-1 + 2/4. Let u = l - 408. Suppose 24 + u = p. Is p composite?
False
Suppose -6*c + 10543 = -28961. Let w = -2227 + c. Is w prime?
True
Let d be (75/(-60))/((-2)/200). Suppose -i + d = -76. Is i prime?
False
Let r = -29476 - -72819. Is r a prime number?
False
Suppose 0 = 2*v - 4*x + x - 5130593, -25 = 5*x. Is v composite?
False
Is 2/(-8) - 3/(168/(-1177750)) composite?
False
Suppose 54716 + 59489 = 91*k. Is k a prime number?
False
Let r(v) = -40*v**3 + 2*v - 1. Let g be r(1). Let d = 1098 - g. Suppose 7*l + d = 10*l. Is l a composite number?
False
Let h(s) = -4448*s + 2701. Is h(-10) a prime number?
False
Let d(u) = 7*u**2 - 4*u. Suppose 57*m - 2 = 55*m. Let g be d(m). Let z(q) = 112*q**3 + 5*q + 7. Is z(g) composite?
True
Let b be 1 + 4/(8/70). Suppose 4*n - j - 3*j = -b, 0 = 2*n - 4*j + 18. Let w(s) = -5*s - 10. Is w(n) a prime number?
False
Let l be 2104/(40/5)*(-30)/2. Is (1 + -8)/(15/l) prime?
False
Suppose 3*d + 0*d + 3 = 0, -5*d = w + 4841. Let s = w + 7367. Is s a prime number?
True
Suppose -55*t + 11444564 + 21062471 = 0. Is t a composite number?
True
Suppose 16*z + 5*c = 19*z - 46423, 5*c + 61889 = 4*z. Let o = 30159 - z. Is o a prime number?
False
Let a(i) = 47375*i - 3154. Is a(9) composite?
False
Let l(x) = 114*x**2 - 18*x + 3. Let y(s) = -114*s**2 + 19*s - 1. Let f(p) = 6*l(p) + 5*y(p). Is f(2) a prime number?
True
Let i(g) = 1953*g - 671. Is i(16) a prime number?
True
Let r = 10 - 8. Suppose -r*s = -5*t - 30, -t + 5*t = 2*s - 26. Suppose -4757 + 11662 = s*n. Is n prime?
True
Let g be (-43358)/(-6) + (-324)/243. Let w = g + 838. Is w prime?
False
Suppose -45 = 13*l - 28*l. Suppose l*n = 23*n - 53620. Is n prime?
False
Let v(j) = -j**3 + 4*j**2 + 2*j + 19. Suppose -3*l + 2*o + 4 = -1, -5*l = -3*o - 10. Let g be v(l). Suppose -10*u + g*u = -1914. Is u prime?
False
Let v = 12 - 8. Let p(i) = -83*i - 8. Let l be p(v). Let m = 37 - l. Is m composite?
True
Let b be 30/(-36) + 1 + (-105)/(-18). Is b - (-2 + 3) - (-17 + -2875) composite?
False
Suppose -219*m - 2894008 = -323*m. Is m a prime number?
True
Let x = -156900 + 287741. Is x prime?
True
Is (11 - 10)/((-1758100)/(-586034)*-1 - -3) a prime number?
False
Suppose -5*z + 1 + 20 = -3*k, 3*z = -5*k + 33. Let m(b) = -12*b**3 - 26 - 4*b - 31 + 14*b**2 + 46 + 15*b**3 - 6*b**2. Is m(z) composite?
True
Suppose 0 = 3*w + m - 1686379, -4*w + 1404177 = -2*m - 844335. Is w a composite number?
True
Let x(w) = 123*w**3 + w**2 + 5*w - 9. Let o be x(2). Let h = o + 66. Is h a composite number?
True
Let o(k) = 2*k**3 + 4*k**2 + 2*k + 19. Let c be o(-3). Is c - (3 + -13) - (-7521 - 3) a prime number?
True
Let i(k) = 84*k**2 + 5*k - 3. Let f = 415 + -423. Is i(f) a composite number?
False
Let h(g) = -1061*g + 160891. Is h(0) composite?
True
Suppose t = 2*x + 93287, 5*t - 318768 = x + 147721. Is t a composite number?
True
Suppose 18*c + 480139 = 29*c. Is c a prime number?
True
Suppose -568*a = -570*a + 2*g + 622140, 5*g = -4*a + 1244343. Is a prime?
False
Let x = 1117573 - 735258. Is x composite?
True
Let v(t) = 854*t**2 + 1447*t**2 + 2 + 3493*t**2. Let x be v(-1). Let f = -2237 + x. Is f prime?
True
Let f(g) = -1543*g + 7. Let k be f(-3). Suppose 6*r - k = 75638. Is r a prime number?
False
Suppose 4*r - 8*r + 13548 = 0. Suppose -2*t = z - r, -3*t + 2796 = 5*z - 2274. Suppose -3*y - 2*x = -2495, 2*y - 4*x - t = x. Is y a composite number?
True
Is (12 + -1 + 17)*(-8182)/(-8) composite?
True
Let c(i) = -9*i - 233. Let h be c(-26). Is (-6 + 7)/(h/1423 - 0) prime?
True
Let w = 117 + -115. Suppose -1555 + 8812 = -w*l - 5*k, l - 5*k + 3666 = 0. Let v = l + 5710. Is v composite?
False
Suppose -40 + 70 = 5*f. Let j = f - -292. Is j prime?
False
Let x(a) be the first derivative of -6960*a**2 - 19*a + 77. Is x(-1) a composite number?
False
Let o(h) be the first derivative of h**4/4 + 6*h**3 - 9*h**2/2 + 81*h - 87. Is o(-16) prime?
False
Let m(q) = q**3 + 43*q**2 - 93*q - 512. Is m(-39) composite?
False
Let s(f) = 874*f + 1603. Is s(52) prime?
True
Suppose -152875 = -f - j + 244732, 5*j - 397599 = -f. Is f prime?
False
Suppose -4*d + 58251 = 4*m - 29249, 3*d - 65605 = 2*m. Is d a composite number?
False
Let k(u) = 6155*u + 1469. Is k(16) a prime number?
False
Let q(m) = 1333*m**2 - 6*m + 3. Let a be q(2). Suppose -16*s - a = -17*s. Is s a composite number?
False
Let o = -16320 - -5484. Is -13 + 32/4 - o a composite number?
False
Suppose -12226 = -3*f - 4*t, -20392 = -5*f + 25*t - 24*t. Let l = f - 2823. Is l composite?
True
Let r(l) = 16 + 7 - 261*l**2 + 5*l + 308*l**2. Is r(-9) a composite number?
True
Let g = -9 - -23. Suppose -12*k + 38 - g = 0. Is 2 - (-116*k - -1) prime?
True
Suppose 7*k + 32 + 10 = 0. Let s be (5*k/15)/(1/(-901)). Suppose 0 = -3*m + 595 + s. Is m prime?
False
Let i = -7780 + 3518. Let h = -1595 - i. Is h/14*2/3 composite?
False
Suppose -4*p + 785797 = 5*c, 2*p + 5*c = 130372 + 262519. Is p a composite number?
False
Suppose 0 = -41*q + 46*q - 5. Is 5079712/88*q/4 a prime number?
True
Let a(k) = -9043*k - 52. Is a(-9) a composite number?
True
Let q = 901307 + -502960. Is q a composite number?
False
Let j(m) = -3*m**2 + 33*m - 21. Let f be j(10). Is 1/(-4) - ((-311310)/24)/f composite?
True
Is (10/4)/((-590)/(-40267972)) composite?
False
Let m(q) = -265*q + 16. Let g be 10 - (-6 - 4)/(-2). Suppose g*k + 96 = 3*r, k + 4*r - 4 + 37 = 0. Is m(k) a composite number?
False
Let u(k) be the third derivative of 47*k**5/30 - k**4/6 + k**3/2 - 80*k**2. Is u(-7) composite?
False
Let d be (2 - (8 - 8)) + 19375. Suppose -3*o = -2*u - 27751, 0 = -3*o - 2*u + d + 8390. Is o a prime number?
False
Suppose 14*a + 14*a = 513016. Let h = a + -10805. Is h composite?
False
Let h(w) = 395*w - 3421. Is h(24) prime?
False
Let w(z) = 820*z**2 + 3. Let f be w(-6). Suppose -15*a + f = -3132. Is a a composite number?
True
Suppose -92523 = -a - 2*n, -1742*a + 1747*a - 5*n - 462735 = 0. Is a a prime number?
False
Let c(g) = -2*g**2 - 8*g + 12. Let k be c(-5). Suppose -4*t + 30 = k*i, 2*t - 2*i + 6*i - 18 = 0. Suppose -4*m = -t*m + 2757. Is m a prime number?
True
Let s(f) be the third derivative of 653*f**4/24 - 13*f**3/3 - 50*f**2 - 2. Is s(5) prime?
False
Let x(f) = 398*f - 107. Let j be x(15). Let k = -3914 + j. Is k prime?
True
Let i be 16/(-8)*(-13)/2*1. Suppose i*o - 16*o = -132. Let x = 113 - o. Is x composite?
True
Suppose -10*q + 8*q = 0. Let z be 1 + q + 8 + 1472. Suppose -3*n + 4*u + z = -0*n, 3*n = -5*u + 1436. Is n composite?
False
Let f(m) = 1967*m**3 + 1. Let w be f(1). Suppose -6*o + w = 2*o. Suppose -o = -3*q + 1167. Is q composite?
True
Let x = 0 + 0. Let c(u) = -u**3 - u**2 + 8*u + 14. Let f be c(-2). Suppose f*y - 2*g - 522 = x, 2*g = -y - 0*g + 273. Is y composite?
True
Let a = -1189737 + 2553622. Is a a prime number?
False
Suppose 19*w = -42*w + 1407717 + 3894586. Is w a composite number?
False
Suppose -12*m = -23052 - 4620. Suppose 0*g + 3*o - 3837 = -5*g, 3*o = 5*g - 3813. Suppose 3*t = -3*k + 8*k + m, 0 = -t - 2*k + g. Is t a prime number?
False
Let m(u) = -346*u**2 - 12*u + 110. Let t be m(8). Is 9/(-6) - t/4 prime?
True
Suppose 21*s = 5 - 68. Is (-4)/(32/(-17038)) - s/(-4) a composite number?
False
Let z(f) = f**2 - 20*f - 6. Let j be z(20). Let s(l) = l + 8. Let g be s(j). Suppose v + g*v - 3*u = 2607, 4*u = v - 863. Is v composite?
True
Suppose -5*v + 109005 + 105871 = 3*o, 5*o = -4*v + 358131. Is o composite?
True
Let r(w) = 18018*w**3 + 97*w - 187. Is r(2) a prime number?
False
Let s = -56 - -66. Suppose -s*m = -12*m + 7982. Is m a composite number?
True
Let q = 97590 + -170348. Is (-3 + 6)/((-42)/q) composite?
False
Suppose 1180*i - 1166*i = 259238. Is i prime?
True
Suppose 2*u = -4*w - 0 - 8, -8 = -4*u - 2*w. Let p be 6*(0 - (-3)/18*u). Suppose -395 = -2*i + 3*f, p*f = -i + 247 - 22. Is i a composite number?
True
Suppose -p - 63936 = -5*q + 21105, -2*q - 5*p + 34038 = 0. Let h = -8590 + q. Is h composite?
False
Let x be (310/8)/5*(-3704)/(-2). Suppose 13*w = 93042 - x. Is w a prime number?
True
Suppose 80*n - 139*n + 47684567 = 0. Is n prime?
False
Let k be -2 - (770 + -2)/(-3). Let g = 78 - 143. Let i = k - g. Is i prime?
False
Suppose -5*j + 2*z = -2736, 3*z = -5*j + 2287 + 434. Let w = 772 - j. Let n = w + -99. Is n prime?
True
Let b = 81 + 31. Let y(p) = 5*p**2 + 14*